e factors of z?
17
Suppose 2*j + 5*b - 308 = 0, -4*j - j - 3*b + 770 = 0. Suppose 3*g + 40 = 2*f - 26, -2*g = -5*f + j. What are the prime factors of f?
2, 3, 5
Suppose 5*o - 2*t + t - 3 = 0, 3 = -5*o - t. Suppose 2*i = -2*f + 12, f - 2*i = -o*i + 15. List the prime factors of f.
3
What are the prime factors of (-1)/(-4) - (-711)/36?
2, 5
Suppose -m = 2*m - 12. List the prime factors of (6/8)/(1/m).
3
Let s(f) = 8*f**2 - 9*f + 7. Let o(x) = 7*x**2 - 8*x + 6. Let v(p) = 7*o(p) - 6*s(p). Let h be v(-3). Let g = h - 2. What are the prime factors of g?
13
Suppose -87 = -5*i + 3*o + 56, -116 = -4*i + 4*o. Let u = i + -15. List the prime factors of u.
13
What are the prime factors of (-140)/(-8)*((-24)/(-5))/2?
2, 3, 7
Let q(b) = 2*b + 1. Let r be q(-1). What are the prime factors of 23 + r - (-2)/(-2)?
3, 7
Suppose -4*r + r = 2*o + 287, 4*r - 752 = 5*o. List the prime factors of 3/(-9) + o/(-12).
2, 3
Let a(i) = -3 - 2*i**2 - 4*i**2 - 9*i + 5*i**2. Let s be a(-8). List the prime factors of s - 0 - (-2 - -1).
2, 3
Let u = 147 + -63. Let v be u/16 + 1/(-4). Suppose v*h - 58 = -18. List the prime factors of h.
2
Suppose 2 = q - 2*q. List the prime factors of 16 + (3 - 7)/q.
2, 3
Let c(m) = -m**2 + 8*m - 9. Let j be c(6). Let o(p) = -p**2 + 8*p - 3. What are the prime factors of o(j)?
2, 3
Suppose -4*b = -16, 2*p - 2*b - 57 = -3*p. What are the prime factors of p?
13
List the prime factors of 81/4 + 5/(-20).
2, 5
Let s = 6 - 4. Suppose -1 = -3*y - 5*c, y - 4*c = s*y + 2. List the prime factors of y.
2
Let r = -21 - -13. Let m(y) = -2*y - 5. List the prime factors of m(r).
11
Let z(d) = d**2 - d. Let k be z(0). Let m(f) = -f. Let b be m(k). What are the prime factors of b + -2*15/(-6)?
5
Let s(p) = p**2 - 7*p - 7. List the prime factors of s(14).
7, 13
Suppose 132 = 7*v - 4*v. What are the prime factors of v?
2, 11
Let v = -125 - -189. What are the prime factors of v?
2
Let n(v) = 4*v - 8. Let w be n(7). Suppose 16 = y - w. List the prime factors of y.
2, 3
Let x = -7 + -6. Let q = x + 6. Let m(w) = w**3 + 6*w**2 - 8*w. List the prime factors of m(q).
7
Let a = -3 + 7. Suppose -5*r - 4*w + a = -26, 4*w - 22 = -r. List the prime factors of r.
2
Suppose 2*g - 5 = -1. Suppose 0 = 8*s - 3*s + 25, -5*q + 4*s = -45. Suppose -5*p = h - q*h + 65, g*h - p = 25. List the prime factors of h.
2, 5
Suppose 0 = 2*n - 2, -3*l = -0*l - 3*n + 87. Suppose -3*t - 5*g = 32, -2*g + 20 = 2*g. Let c = t - l. What are the prime factors of c?
3
Let z(p) = -4*p**3 + p. Let r be z(-1). Let v be (1*-8)/((-6)/r). Suppose -5*j + v = -3*j. List the prime factors of j.
2
What are the prime factors of 0 + (-3 - 20/(-4))?
2
Let w(v) = v**3 + 6*v**2 - 8*v + 1. Let x be w(-6). Suppose 0 = 2*k - 7*h + 4*h - x, 3*k - 4*h - 71 = 0. What are the prime factors of k?
17
Let k be 2/(-3) + 84/18. Suppose -k*x = -41 - 7. What are the prime factors of x?
2, 3
Suppose 0 = -5*s + 2*l + 222, -3*s = -2*s - 5*l - 49. Let c = -3 - -7. Suppose 0*m = c*m - s. What are the prime factors of m?
11
Let h(o) = -o**3 + 2*o**2 + o + 19. List the prime factors of h(0).
19
Let i(v) = 6*v - 1. Let g(k) = k**2 + 8*k - 12. Let d be g(-10). Suppose 5*h - d - 2 = 0. List the prime factors of i(h).
11
Suppose -3 = 2*v + 17. Let h be v/6 + (-2)/(-3). What are the prime factors of 11 - (1 - 1/h)?
3
Suppose -307 = -4*w + 41. What are the prime factors of w?
3, 29
Let l = -35 - -22. Let a = 24 + l. List the prime factors of a.
11
Suppose t - 35 = -10. Suppose -g = 2*p - 4, -3*g + 3*p + t = 4. Suppose -2*l = -3*b + g*b - 49, 5*l - 70 = -4*b. What are the prime factors of b?
3, 5
Suppose -280 = -5*w - 5*k, 5*k + 62 = w - 0*w. What are the prime factors of w?
3, 19
Let h(b) = 2*b**2 + 4*b - 12. List the prime factors of h(-6).
2, 3
Let f be (9/3 + -7)*-2. Suppose -2*z - 2 = -f. What are the prime factors of z?
3
Suppose 288 = 6*n + 54. What are the prime factors of n?
3, 13
What are the prime factors of ((-6 - -5) + -1)*166/(-4)?
83
Suppose -m = 5, -6*x + 634 = -2*x - 2*m. List the prime factors of x.
2, 3, 13
Suppose 3*o + 32 = o. Let g = -13 - o. List the prime factors of g.
3
Let g = 98 - 70. Let f = -21 + g. List the prime factors of f.
7
Suppose 5*q = 2*q + 6. Suppose q = 3*t - 10. What are the prime factors of t?
2
Suppose -4*o = -10*o + 882. List the prime factors of o.
3, 7
Let l(c) = c**2 + 4*c - 2. Let a be l(-5). Let z = -142 - -101. What are the prime factors of 1/a + z/(-3)?
2, 7
Suppose 3*j = 2*j + 42. Let m = j - 29. Let i = -7 + m. What are the prime factors of i?
2, 3
Let u = -62 + 103. What are the prime factors of u?
41
Let g = 36 + -26. Suppose 2*d - g = -0*d. What are the prime factors of d?
5
Let t(q) = q**3 - 5*q**2 + 14*q + 11. Let w(p) = 6*p**3 - 24*p**2 + 71*p + 56. Let n(l) = -11*t(l) + 2*w(l). What are the prime factors of n(-8)?
23
Let g(n) = -90*n - 4. List the prime factors of g(-1).
2, 43
Let t(r) = -r**3 + 36. What are the prime factors of t(0)?
2, 3
Let x be 1 + (3 + -6)*-1. Suppose 0 = 2*g - x*c + c - 70, -4*g + 138 = -5*c. What are the prime factors of g?
2
Let b = 7 - -3. List the prime factors of b.
2, 5
Suppose 0*g + 4*g = -2*v + 190, 0 = 4*g + 4*v - 184. Suppose 4*s = -4*n - 37 + 1, -n = 5*s + g. Let l = 18 + s. What are the prime factors of l?
2
Suppose -4*x + 9*x + 22 = n, 5*n = -2*x + 2. Let k(s) = s**2. Let a be k(2). What are the prime factors of 2/a - 6/x?
2
Let w(i) = -i**2 - 7*i - 4. Let k be w(-6). Suppose 0 = -k*q + j + 28, -4*q + j = 2*j - 44. What are the prime factors of q?
2, 3
What are the prime factors of 578*1/4 - (-1)/2?
5, 29
Suppose -c + 430 = 4*c. What are the prime factors of c?
2, 43
Suppose -2*y = j - 25, -2*j + 31 = -j + 4*y. Let n = 45 - j. What are the prime factors of n?
2, 13
Suppose -444 = -5*y + 4*f, 0 = 5*y + 5*f - 356 - 79. What are the prime factors of y?
2, 11
Suppose 2*n - 71 = -5*v - 21, -n + 5*v = -10. Let z = -11 + n. List the prime factors of z.
3
Let c(w) = -w**3 + 5*w**2 - 3*w + 1. Let r be c(4). Suppose -3*d + 4*t + 19 = -31, -r*t = -3*d + 52. List the prime factors of d.
2, 7
Let q(v) = -24*v - 96. Let u(k) = 3*k + 12. Let g(f) = -4*q(f) - 33*u(f). Let b be g(-10). Let i = b + -10. List the prime factors of i.
2
Let k(o) be the first derivative of -o**3/3 + 13*o**2/2 - 9*o - 5. What are the prime factors of k(9)?
3
Let d(x) = 4*x**2 - x + 2. Let q be d(-2). Let i = q - 10. List the prime factors of (-4)/(-6) - i/(-3).
2
Let l(n) = -n**3 - 2*n**2 + 2. Let d be l(-2). Suppose z - d*z + 12 = 0. Let a = 3 + z. What are the prime factors of a?
3, 5
Let f(h) = h - 10. Let b be f(7). Let x = b - -6. What are the prime factors of x?
3
Let a(t) = t. Let c be a(0). Suppose -5*k = 3*z - 2*z + 16, -k - 4 = c. Suppose 2*f - z = 20. What are the prime factors of f?
2, 3
Let w be (-12)/(-7)*(0 - 7). Let z = -6 - w. Suppose -6*n - r = -5*n, 5*r + z = -3*n. What are the prime factors of n?
3
Suppose -3*a + 127 = 2*a - 3*g, 0 = -4*g - 16. List the prime factors of a.
23
Suppose -94 = -r + 90. What are the prime factors of r?
2, 23
Let w = 209 + -100. What are the prime factors of w?
109
Suppose 120 = 5*z - 5*m, 2*m - 102 = -4*z - 0*m. Let g be (-2)/(2/(-1)) - z. Let n = -12 - g. List the prime factors of n.
2, 3
What are the prime factors of 32620/112 - (-2)/(-8)?
3, 97
Suppose q = -5*y - 16, 0 = -2*q + 2*y + 4 + 12. Suppose 5*a = -25, 0 = -q*h + 3*h - 2*a + 7. What are the prime factors of h?
17
Let h(f) = 3*f**2 + 27*f - 12. Let a(k) = 2*k**2 + 18*k - 8. Let s(i) = 7*a(i) - 5*h(i). What are the prime factors of s(-8)?
2, 3
Suppose -2 - 2 = -b - 3*l, l - 1 = 0. Let a = 5 - b. What are the prime factors of a?
2
List the prime factors of (-4 - -2) + 4 - -98.
2, 5
Suppose 0 = -3*y + g + 32 + 293, y = -4*g + 130. What are the prime factors of y?
2, 5, 11
What are the prime factors of (1/1 - -1) + (-6 - -90)?
2, 43
Let u be -2*1/(2 + 0). Let p(w) = w + 1. Let g be p(u). Let o = 4 + g. List the prime factors of o.
2
Suppose 0 = -3*t - 4*m + 14, m + 3*m = -16. List the prime factors of t.
2, 5
Let a = 200 - 142. List the prime factors of a.
2, 29
Suppose g = -3*n + 60, 0*g + n + 44 = g. What are the prime factors of g?
2, 3
Let m = -15 + 13. What are the prime factors of (-15)/m*(-10)/(-15)?
5
Suppose 1 = 2*a + 23. Let m(j) = -j**3 - 11*j**2 + 16. Let k be m(a). S